{"id":1839,"date":"2016-02-06T18:26:35","date_gmt":"2016-02-06T17:26:35","guid":{"rendered":"http:\/\/www.fsg-hagen.de\/?page_id=1839"},"modified":"2024-08-23T10:21:02","modified_gmt":"2024-08-23T09:21:02","slug":"schulsozialarbeit","status":"publish","type":"page","link":"https:\/\/www.fsg-hagen.de\/?page_id=1839","title":{"rendered":"Schulsozialarbeit an der FSG"},"content":{"rendered":"<p>Dem Team der Fritz-Steinhoff-Gesamtschule geh\u00f6ren zurzeit eine Sozialp\u00e4dagogin, eine Sozialarbeiterin und ein Sozialp\u00e4dagoge an. Seit vielen Jahren schon setzen sich zwei Sozialp\u00e4dagogen f\u00fcr die Belange und W\u00fcnsche Ihrer Kinder und deren Erziehungsberechtigten ein. Der Schwerpunkt liegt im Bereich der <strong>Beratung und Begleitung in schwierigen Situationen<\/strong> im schulischen wie auch im privaten Bereich. Daher steht Ihnen die Schulsozialarbeit als <strong>Ansprechpartner<\/strong> zur Verf\u00fcgung bei:<\/p>\n<p>\u2022 <strong>Problemen<\/strong> in der Schule<br \/>\n\u2022 <strong>Konflikten<\/strong> zuhause<br \/>\n\u2022 <strong>Erziehungsfragen<\/strong><br \/>\n\u2022 <strong>Vermittlung<\/strong> zu Beratungsstellen<\/p>\n<p>Alles, was Sie besprechen, wird <strong>vertraulich<\/strong> behandelt, da die Schulsozialarbeit der Schweigepflicht unterliegt.<br \/>\nIhr Kind hat jederzeit die M\u00f6glichkeit, eine Person des Teams im B\u00fcro aufzusuchen. Die R\u00e4ume der <strong>Schulsozialarbeit (E.1.04)<\/strong> befinden sich im Erdgeschoss neben unserem \u201eCaf\u00e9 BoelerB\u00fc\u201c.<br \/>\nWenn Sie das Bed\u00fcrfnis haben, einen <strong>Gespr\u00e4chstermin<\/strong> zu vereinbaren, melden Sie sich bitte unter der Telefonnummer: <strong>02331\/39648-148<\/strong> und erkundigen sich nach <strong>Frau Nadja Utermann, Frau G\u00fclder \u00d6zt\u00fcrk<\/strong> oder <strong>Herrn Ren\u00e9 Zeiler<\/strong>.<br \/>\nIhr Kind wird sicherlich einen von den Dreien bereits in der Lernzeitstunde, der Orientierungsstunde oder aber im Ganztag wie Sch\u00fclercaf\u00e9 und Zertifikatskursen kennengelernt haben. Frau Uterman und Herr Zeiler sind schwerpunktm\u00e4\u00dfig einzelnen Jahrg\u00e4ngen zugeordnet.<br \/>\nBei Fragen zu Leistungen aus dem Bildungs- und Teilhabepaket wenden Sie sich bitte an Frau \u00d6zt\u00fcrk.<br \/>\nDas Team der Schulsozialarbeit steht Ihnen gerne beratend zur Seite und freut sich auf ein vertrauensvolles Miteinander.<\/p>\n","protected":false},"excerpt":{"rendered":"<p>Dem Team der Fritz-Steinhoff-Gesamtschule geh\u00f6ren zurzeit eine Sozialp\u00e4dagogin, eine Sozialarbeiterin und ein Sozialp\u00e4dagoge an. Seit vielen Jahren schon setzen sich<\/p>\n","protected":false},"author":4,"featured_media":0,"parent":18,"menu_order":0,"comment_status":"closed","ping_status":"closed","template":"","meta":{"colormag_page_container_layout":"default_layout","colormag_page_sidebar_layout":"default_layout","footnotes":""},"class_list":["post-1839","page","type-page","status-publish","hentry"],"_links":{"self":[{"href":"https:\/\/www.fsg-hagen.de\/index.php?rest_route=\/wp\/v2\/pages\/1839","targetHints":{"allow":["GET"]}}],"collection":[{"href":"https:\/\/www.fsg-hagen.de\/index.php?rest_route=\/wp\/v2\/pages"}],"about":[{"href":"https:\/\/www.fsg-hagen.de\/index.php?rest_route=\/wp\/v2\/types\/page"}],"author":[{"embeddable":true,"href":"https:\/\/www.fsg-hagen.de\/index.php?rest_route=\/wp\/v2\/users\/4"}],"replies":[{"embeddable":true,"href":"https:\/\/www.fsg-hagen.de\/index.php?rest_route=%2Fwp%2Fv2%2Fcomments&post=1839"}],"version-history":[{"count":7,"href":"https:\/\/www.fsg-hagen.de\/index.php?rest_route=\/wp\/v2\/pages\/1839\/revisions"}],"predecessor-version":[{"id":7159,"href":"https:\/\/www.fsg-hagen.de\/index.php?rest_route=\/wp\/v2\/pages\/1839\/revisions\/7159"}],"up":[{"embeddable":true,"href":"https:\/\/www.fsg-hagen.de\/index.php?rest_route=\/wp\/v2\/pages\/18"}],"wp:attachment":[{"href":"https:\/\/www.fsg-hagen.de\/index.php?rest_route=%2Fwp%2Fv2%2Fmedia&parent=1839"}],"curies":[{"name":"wp","href":"https:\/\/api.w.org\/{rel}","templated":true}]}}